 to base 4
200
What is 11000 (base 2) in base 5?
44
Convert 133 (base 7) to base 11.
67
What is -2 (base 4) in base 10?
-2
221 (base 3) to base 7
34
What is -9 (base 16) in base 10?
-9
What is 10 (base 8) in base 14?
8
-102 (base 13) to base 6
-443
58 (base 10) to base 3
2011
What is 41 (base 13) in base 2?
110101
What is -4 (base 12) in base 8?
-4
What is -250 (base 7) in base 3?
-11221
1 (base 13) to base 11
1
Convert -23 (base 4) to base 2.
-1011
-1 (base 3) to base 6
-1
Convert -11000 (base 2) to base 14.
-1a
Convert ac (base 16) to base 7.
334
Convert 110 (base 3) to base 11.
11
Convert 43 (base 8) to base 15.
25
Convert -15 (base 12) to base 14.
-13
Convert -112 (base 6) to base 10.
-44
Convert -1 (base 10) to base 11.
-1
Convert 23 (base 7) to base 15.
12
What is 47 (base 10) in base 11?
43
1 (base 2) to base 7
1
-b2 (base 14) to base 5
-1111
What is 20 (base 3) in base 14?
6
185 (base 10) to base 15
c5
Convert -11 (base 7) to base 13.
-8
What is -10111000 (base 2) in base 3?
-20211
Convert 1121 (base 4) to base 5.
324
What is -7 (base 15) in base 4?
-13
0 (base 12) to base 10
0
-262 (base 7) to base 6
-354
Convert 14 (base 11) to base 12.
13
Convert 260 (base 8) to base 10.
176
What is -8 (base 9) in base 14?
-8
Convert 50 (base 7) to base 15.
25
Convert 1102 (base 3) to base 15.
28
-2 (base 13) to base 5
-2
What is -24 (base 11) in base 12?
-22
Convert 0 (base 4) to base 7.
0
11 (base 5) to base 3
20
Convert 47 (base 13) to base 8.
73
101 (base 2) to base 7
5
110 (base 2) to base 9
6
Convert -1021 (base 3) to base 7.
-46
What is 6 (base 11) in base 8?
6
What is -6 (base 11) in base 12?
-6
What is -13 (base 15) in base 4?
-102
Convert 22 (base 7) to base 13.
13
Convert -11 (base 3) to base 2.
-100
Convert -1123 (base 4) to base 7.
-160
2 (base 16) to base 7
2
Convert -5 (base 13) to base 5.
-10
Convert -27 (base 12) to base 10.
-31
Convert 11 (base 5) to base 2.
110
What is -1212 (base 3) in base 14?
-38
Convert 1 (base 13) to base 4.
1
-7 (base 11) to base 5
-12
33 (base 7) to base 5
44
2421 (base 5) to base 4
11221
21a (base 14) to base 6
1532
What is -10 (base 4) in base 3?
-11
1b (base 13) to base 5
44
Convert -11 (base 7) to base 15.
-8
Convert 0 (base 5) to base 16.
0
-3a (base 13) to base 11
-45
-119 (base 12) to base 10
-165
Convert -100 (base 2) to base 3.
-11
Convert 1 (base 11) to base 5.
1
What is 32 (base 9) in base 11?
27
What is 2 (base 7) in base 12?
2
-3 (base 4) to base 7
-3
4 (base 14) to base 10
4
What is 1122 (base 3) in base 9?
48
What is 220 (base 3) in base 2?
11000
2100 (base 3) to base 16
3f
-23 (base 5) to base 14
-d
-2 (base 14) to base 11
-2
5 (base 6) to base 10
5
What is 10 (base 4) in base 3?
11
What is 211 (base 4) in base 2?
100101
What is 112 (base 6) in base 9?
48
Convert a (base 14) to base 12.
a
Convert 4 (base 16) to base 12.
4
2 (base 15) to base 7
2
Convert 19 (base 13) to base 3.
211
What is -64 (base 7) in base 2?
-101110
Convert 115 (base 8) to base 2.
1001101
Convert -1e (base 16) to base 10.
-30
What is 1 (base 4) in base 7?
1
2 (base 16) to base 10
2
-2 (base 6) to base 10
-2
Convert d5 (base 14) to base 9.
227
Convert -3 (base 6) to base 13.
-3
Convert 8 (base 14) to base 7.
11
110 (base 3) to base 10
12
4 (base 7) to base 10
4
-1 (base 10) to base 16
-1
Convert 100 (base 2) to base 4.
10
-4 (base 12) to base 14
-4
What is -31 (base 7) in base 10?
-22
What is 77 (base 11) in base 6?
220
-23 (base 5) to base 14
-d
-2 (base 15) to base 7
-2
Convert 22 (base 11) to base 14.
1a
What is 111 (base 3) in base 15?
d
16 (base 11) to base 4
101
What is 2 (base 8) in base 12?
2
What is -110011 (base 2) in base 15?
-36
What is 187 (base 10) in base 12?
137
-210 (base 5) to base 13
-43
Convert 2 (base 12) to base 2.
10
What is -1 (base 11) in base 16?
-1
What is 28 (base 9) in base 16?
1a
Convert -2 (base 5) to base 8.
-2
What is 443 (base 7) in base 10?
227
Convert -1a (base 12) to base 15.
-17
4 (base 8) to base 5
4
-121 (base 8) to base 11
-74
Convert 1001 (base 2) to base 5.
14
What is 1 (base 6) in base 10?
1
Convert 212 (base 5) to base 16.
39
Convert -1010010 (base 2) to base 8.
-122
What is 25 (base 9) in base 13?
1a
Convert 5 (base 12) to base 16.
5
What is 10 (base 4) in base 16?
4
What is 101101 (base 3) in base 6?
1144
0 (base 8) to base 15
0
111 (base 2) to base 9
7
What is 110 (base 5) in base 3?
1010
Convert -3e (base 16) to base 7.
-116
What is -9 (base 15) in base 8?
-11
Convert -44 (base 6) to base 15.
-1d
What is 11 (base 3) in base 2?
100
b7 (base 14) to base 10
161
-117 (base 12) to base 6
-431
Convert 13 (base 5) to base 9.
8
Convert -1132 (base 5) to base 2.
-10100111
-12000 (base 3) to base 9
-160
Convert 1020 (base 3) to base 8.
41
-33 (base 9) to base 5
-110
What is -3 (base 15) in base 2?
-11
Convert -4 (base 5) to base 10.
-4
-215 (base 8) to base 11
-119
What is -2 (base 8) in base 15?
-2
313 (base 4) to base 12
47
Convert 0 (base 14) to base 11.
0
Convert 4 (base 11) to base 5.
4
Convert -11 (base 10) to base 3.
-102
What is -3 (base 11) in base 16?
-3
What is -17 (base 13) in base 12?
-18
21 (base 3) to base 13
7
Convert -11100 (base 3) to base 10.
-117
Convert 55 (base 13) to base 10.
70
-3b (base 12) to base 7
-65
Convert 6 (base 14) to base 12.
6
What is 1 (base 12) in base 7?
1
-12 (base 14) to base 16
-10
Convert -14 (base 5) to base 3.
-100
Convert 47 (base 11) to base 16.
33
10 (base 5) to base 8
5
What is 10100010 (base 2) in base 16?
a2
What is 402 (base 5) in base 2?
1100110
What is -32 (base 8) in base 4?
-122
Convert 0 (base 16) to base 7.
0
Convert 53 (base 7) to base 13.
2c
What is 33 (base 13) in base 6?
110
What is -10100 (base 2) in base 13?
-17
0 (base 12) to base 3
0
What is -1 (base 9) in base 14?
-1
Convert 1113 (base 5) to base 15.
a8
What is -2 (base 4) in base 5?
-2
What is -c8 (base 14) in base 7?
-341
What is 1 (base 8) in base 3?
1
Convert -2 (base 4) to base 10.
-2
Convert 12211 (base 3) to base 6.
421
What is 24 (base 9) in base 12?
1a
Convert 63 (base 13) to base 6.
213
What is -2 (base 14) in base 16?
-2
What is -32 (base 10) in base 9?
-35
Convert 1010 (base 3) to base 5.
110
Convert -121 (base 5) to base 2.
-100100
What is -332 (base 4) in base 13?
-4a
5 (base 15) to base 7
5
Convert 121 (base 5) to base 9.
40
0 (base 16) to base 12
0
Convert -54 (base 6) to base 5.
-114
What is 53 (base 6) in base 12?
29
What is 23 (base 8) in base 15?
14
What is -5 (base 15) in base 7?
-5
What is 1 (base 13) in base 8?
1
Convert 2 (base 6) to base 7.
2
35 (base 11) to base 14
2a
-2 (base 11) to base 5
-2
What is 8 (base 14) in base 5?
13
111 (base 11) to base 7
250
Convert 43 (base 6) to base 13.
21
0 (base 3) to base 7
0
Convert -10001 (base 3) to base 11.
-75
Convert -1 (base 4) to base 8.
-1
What is -230 (base 4) in base 8?
-54
-1 (base 6) to base 4
-1
What is 1 (base 3) in base 7?
1
What is 69 (base 14) in base 7?
162
Convert 1233 (base 4) to base 15.
76
Convert -1001 (base 3) to base 11.
-26
What is -22 (base 7) in base 15?
-11
Convert 5 (base 15) to base 16.
5
Convert 6 (base 10) to base 2.
110
Convert 1 (base 8) to base 13.
1
Convert 1 (base 8) to base 4.
1
Convert 112 (base 4) to base 15.
17
6 (base 12) to base 13
6
Convert -96 (base 12) to base 14.
-82
Convert -40 (base 7) to base 6.
-44
513 (base 6) to base 12
139
Convert 40 (base 10) to base 13.
31
Convert 10 (base 5) to base 7.
5
What is 0 (base 14) in base 16?
0
3 (base 16) to base 2
11
-112 (base 12) to base 15
-a8
What is 0 (base 13) in base 3?
0
-78 (base 11) to base 7
-151
-8 (base 9) to base 5
-13
20 (base 3) to base 11
6
Convert -7 (base 12) to base 16.
-7
Convert 12 (base 10) to base 9.
13
What is -77 (base 10) in base 5?
-302
What is 8 (base 13) in base 14?
8
What is 17 (base 12) in base 15?
14
e7 (base 15) to base 9
261
Convert -12 (base 3) to base 12.
-5
What is 1110 (base 2) in base 4?
32
What is 0 (base 13) in base 14?
0
-1 (base 13) to base 11
-1
What is -2 (base 15) in base 7?
-2
What is -39 (base 13) in base 10?
-48
-2 (base 5) to base 7
-2
Convert -15 (base 11) to base 5.
-31
What is 6 (base 12) in base 14?
6
0 (base 9) to base 15
0
20 (base 7) to base 12
12
What is 55 (base 13) in base 2?
1000110
What is -6 (base 13) in base 9?
-6
1 (base 7) to base 2
1
Convert 24 (bas